True
Is 345 a multiple of 23?
True
Is 43634 a multiple of 27?
False
Is 26524 a multiple of 69?
False
Is 183 a factor of 14091?
True
Is 17280 a multiple of 135?
True
Does 12 divide 504?
True
Is 16 a factor of 2016?
True
Does 59 divide 4012?
True
Is 244 a multiple of 11?
False
Is 430 a multiple of 10?
True
Is 13 a factor of 171123?
False
Is 114 a factor of 684?
True
Is 5 a factor of 435?
True
Does 45 divide 4815?
True
Is 10 a factor of 1901?
False
Is 163 a factor of 12671?
False
Is 54 a factor of 4374?
True
Is 62869 a multiple of 48?
False
Does 7 divide 547?
False
Is 42 a multiple of 3?
True
Is 2160 a multiple of 18?
True
Does 20 divide 200?
True
Is 50 a factor of 1050?
True
Is 50 a multiple of 2?
True
Is 20 a factor of 9360?
True
Is 1196 a multiple of 35?
False
Is 6468 a multiple of 11?
True
Is 989 a multiple of 43?
True
Is 44721 a multiple of 45?
False
Is 108 a multiple of 11?
False
Is 71728 a multiple of 49?
False
Does 13 divide 9919?
True
Is 64 a factor of 6616?
False
Is 20 a factor of 594?
False
Does 39 divide 5070?
True
Is 868 a multiple of 3?
False
Is 36704 a multiple of 12?
False
Is 151 a factor of 18422?
True
Is 868 a multiple of 28?
True
Is 106 a factor of 1407?
False
Is 1029 a multiple of 7?
True
Does 16 divide 348?
False
Is 7 a factor of 17664?
False
Does 7 divide 8399?
False
Is 7 a factor of 191?
False
Is 17 a factor of 7241?
False
Is 19 a multiple of 19?
True
Is 15 a factor of 123?
False
Does 14 divide 420?
True
Is 10994 a multiple of 46?
True
Is 18622 a multiple of 22?
False
Does 28 divide 4676?
True
Is 6496 a multiple of 16?
True
Does 139 divide 570?
False
Is 17333 a multiple of 35?
False
Is 48 a factor of 5311?
False
Is 10 a factor of 450?
True
Does 5 divide 1275?
True
Is 7 a factor of 7666?
False
Is 4770 a multiple of 15?
True
Does 3 divide 60?
True
Does 2 divide 27?
False
Is 912 a multiple of 48?
True
Is 605 a multiple of 30?
False
Is 4 a factor of 204?
True
Is 756 a multiple of 14?
True
Is 17 a factor of 714?
True
Is 3 a factor of 231?
True
Is 12 a factor of 7000?
False
Is 1725 a multiple of 15?
True
Is 19 a factor of 4313?
True
Does 6 divide 132?
True
Does 19 divide 1792?
False
Is 2026 a multiple of 59?
False
Is 11586 a multiple of 205?
False
Is 12 a factor of 1284?
True
Does 26 divide 2522?
True
Is 18 a factor of 15426?
True
Is 14 a factor of 987?
False
Is 15 a factor of 450?
True
Does 35 divide 2100?
True
Is 1624 a multiple of 29?
True
Is 20 a factor of 338?
False
Is 70 a factor of 11333?
False
Is 80223 a multiple of 187?
True
Does 58 divide 10979?
False
Does 7 divide 329?
True
Is 4 a factor of 6806?
False
Is 2112 a multiple of 15?
False
Is 2908 a multiple of 67?
False
Does 6 divide 548?
False
Is 3747 a multiple of 35?
False
Is 445 a multiple of 3?
False
Does 11 divide 6820?
True
Is 3510 a multiple of 13?
True
Is 3467 a multiple of 68?
False
Is 8 a factor of 12062?
False
Is 80 a factor of 4344?
False
Is 76 a factor of 31734?
False
Is 17 a factor of 44064?
True
Is 12 a factor of 479?
False
Is 252 a multiple of 10?
False
Is 2525 a multiple of 31?
False
Is 23 a factor of 1730?
False
Is 19729 a multiple of 20?
False
Is 10800 a multiple of 150?
True
Is 4592 a multiple of 7?
True
Is 43049 a multiple of 44?
False
Does 146 divide 26572?
True
Is 21 a factor of 4545?
False
Is 7 a factor of 2366?
True
Is 84 a multiple of 4?
True
Is 1080 a multiple of 30?
True
Is 8 a factor of 800?
True
Is 896 a multiple of 20?
False
Does 10 divide 1773?
False
Is 31 a factor of 1860?
True
Is 27 a factor of 1850?
False
Is 21 a factor of 13941?
False
Does 73 divide 2768?
False
Is 1558 a multiple of 19?
True
Is 82 a factor of 111748?
False
Is 42 a factor of 2352?
True
Is 8 a factor of 5975?
False
Does 8 divide 19?
False
Is 1134 a multiple of 9?
True
Does 32 divide 3659?
False
Is 51 a factor of 8940?
False
Is 201 a factor of 25929?
True
Is 30 a factor of 2190?
True
Does 20 divide 7280?
True
Does 5 divide 200?
True
Does 265 divide 35510?
True
Does 80 divide 1600?
True
Is 200 a multiple of 10?
True
Is 96874 a multiple of 520?
False
Does 36 divide 119196?
True
Is 6328 a multiple of 7?
True
Does 14 divide 1087?
False
Does 48 divide 672?
True
Is 2 a factor of 9374?
True
Is 10 a factor of 10200?
True
Is 10359 a multiple of 9?
True
Does 9 divide 1467?
True
Is 2 a factor of 1281?
False
Does 51 divide 2508?
False
Does 70 divide 2030?
True
Is 1504 a multiple of 9?
False
Is 1308 a multiple of 17?
False
Is 5 a factor of 254?
False
Is 17047 a multiple of 33?
False
Does 32 divide 25489?
False
Does 10 divide 1230?
True
Is 15 a factor of 12240?
True
Is 17 a factor of 176?
False
Is 790 a multiple of 8?
False
Is 6035 a multiple of 17?
True
Does 22 divide 2530?
True
Is 2017 a multiple of 2?
False
Is 800 a multiple of 32?
True
Does 69 divide 3243?
True
Is 60 a factor of 13727?
False
Is 95 a multiple of 40?
False
Is 229 a multiple of 3?
False
Is 35 a factor of 577?
False
Is 43 a factor of 1881?
False
Is 10 a factor of 2540?
True
Is 147 a multiple of 2?
False
Is 19683 a multiple of 36?
False
Does 4 divide 764?
True
Does 7 divide 9363?
False
Does 18 divide 1190?
False
Is 109954 a multiple of 13?
True
Is 21 a factor of 31491?
False
Is 125 a factor of 2500?
True
Is 1552 a multiple of 47?
False
Does 6 divide 588?
True
Is 9 a factor of 257?
False
Does 5 divide 27115?
True
Is 47 a factor of 987?
True
Does 3 divide 21562?
False
Does 22 divide 370?
False
Is 27 a factor of 567?
True
Is 12818 a multiple of 58?
True
Is 1881 a multiple of 8?
False
Does 11 divide 17853?
True
Does 85 divide 850?
True
Is 13 a factor of 10484?
False
Is 32361 a multiple of 69?
True
Does 126 divide 2634?
False
Is 34 a factor of 4848?
False
Does 27 divide 741?
False
Is 2 a factor of 4526?
True
Is 6060 a multiple of 60?
True
Is 34 a factor of 249?
False
Does 49 divide 980?
True
Does 52 divide 12345?
False
Is 1248 a multiple of 32?
True
Is 101634 a multiple of 13?
True
Does 9 divide 135?
True
Is 570 a multiple of 114?
True
Does 3 divide 213?
True
Is 58 a factor of 66410?
True
Does 53 divide 79790?
False
Is 46626 a multiple of 57?
True
Is 7434 a multiple of 63?
True
Does 88 divide 62970?
False
Is 283 a factor of 34243?
True
Is 24390 a multiple of 24?
False
Does 89 divide 3560?
True
Is 46 a factor of 1040?
False
Is 2 a factor of 33?
False
Is 9 a factor of 5934?
False
Is 8 a factor of 14446?
False
Is 227 a factor of 55156?
False
Does 6 divide 1316?
False
Does 144 divide 2448?
True
Is 20 a factor of 3450?
False
Is 187 a factor of 873?
False
Is 5 a factor of 100?
True
Is 17 a factor of 8687?
True
Is 294 a multiple of 81?
False
Is 17 a factor of 17731?
True
Is 60 a multiple of 3?
True
Is 1785 a multiple of 23?
False
Is 25 a factor of 418?
False
Does 12 divide 6711?
False
Does 39 divide 3315?
True
Is 15 a factor of 1750?
False
Is 514 a multiple of 73?
False
Is 62122 a multiple of 349?
True
Does 6 divide 15270?
True
Is 125 a factor of 2375?
True
Is 3 a factor of 116?
False
Does 7 divide 27251?
True
Does 16 divide 1135?
False
Does 142 divide 10302?
False
Is 4563 a multiple of 39?
True
Is 3618 a multiple of 27?
True
Is 17465 a multiple of 118?
False
Is 3 a factor of 79?
False
Is 4590 a multiple of 27?
True
Is 806 a multiple of 62?
True
Does 68 divide 53584?
True
Is 60 a multiple of 12?
True
Is 4200 a multiple of 21?
True
Does 2 divide 1265?
False
Does 13 divide 10907?
True
Is 20 a factor of 16045?
False
Is 66 a factor of 1861?
False
Is 8826 a multiple of 6?
True
Is 13 a factor of 507?
True
Is 540 a multiple of 20?
True
Is 3 a factor of 21?
True
Is 5 a factor of 775?
True
Does 23 divide 141?
False
Is 897 a multiple of 14?
False
Is 8 a factor of 14112?
True
Is 2449 a multiple of 57?
False
Does 507 divide 71994?
True
Is 152 a multiple of 27?
False
Does 18 divide 92718?
True
Is 22535 a multiple of 155?
False
Is 18 a factor of 6447?
False
Does 35 divide 175?
True
Does 6 divide 210?
True
Does 18 divide 17278?
False
Is 5 a factor of 2015?
True
Does 30 divide 600?
True
Is 20029 a multiple of 17?
False
Does 39 divide 1014?
True
Is 224009 a multiple of 17?
True
Is 1258 a multiple of 34?
True
Is 1872 a multiple of 83?
False
Does 16 divide 52864?
True
Does 48 divide 6938?
False
Does 3 divide 63?
True
Does 80 divide 5760?
True
Does 17 divide 5587?
False
Is 9 a factor of 14493?
False
Does 43 divide 974?
False
Is 7788 a multiple of 1